{"id":4086,"date":"2022-12-20T12:30:56","date_gmt":"2022-12-20T12:30:56","guid":{"rendered":"https:\/\/www.adehon.org\/es\/?page_id=4086"},"modified":"2022-12-20T12:36:08","modified_gmt":"2022-12-20T12:36:08","slug":"programa-sostenibilidad","status":"publish","type":"page","link":"https:\/\/www.adehon.org\/es\/programa-sostenibilidad\/","title":{"rendered":"Programa Sostenibilidad"},"content":{"rendered":"\n<p><strong>La ASOCIACI\u00d3N DE DESARROLLO ECON\u00d3MICO-SOCIAL L\u00b4HORTA NORD ADEHON MONCADA <\/strong>ha sido beneficiaria del <strong>Fondo Europeo de Desarrollo Regional<\/strong> cuyo objetivo es potenciar la investigaci\u00f3n, el desarrollo tecnol\u00f3gico y la innovaci\u00f3n, y gracias al que ha <strong>implantado un sistema de gesti\u00f3n de la sostenibilidad y la RSE basado en los Objetivos de Desarrollo Sostenible <\/strong>para impulsar la sostenibilidad, poniendo en valor sus repercusiones econ\u00f3micas, sociales y medioambientales. Esta acci\u00f3n ha tenido lugar durante el a\u00f1o 2022. Para ello ha contado con el apoyo del <strong>programa de Sostenibilidad<\/strong> de la C\u00e1mara de Comercio de Valencia.<\/p>\n\n\n\n<figure class=\"wp-block-image size-large\"><a href=\"https:\/\/www.adehon.org\/es\/wp-content\/uploads\/2022\/12\/Imagen1.png\"><img loading=\"lazy\" decoding=\"async\" width=\"1024\" height=\"330\" src=\"https:\/\/www.adehon.org\/es\/wp-content\/uploads\/2022\/12\/Imagen1-1024x330.png\" alt=\"\" class=\"wp-image-4087\" srcset=\"https:\/\/www.adehon.org\/es\/wp-content\/uploads\/2022\/12\/Imagen1-1024x330.png 1024w, https:\/\/www.adehon.org\/es\/wp-content\/uploads\/2022\/12\/Imagen1-300x97.png 300w, https:\/\/www.adehon.org\/es\/wp-content\/uploads\/2022\/12\/Imagen1-768x248.png 768w, https:\/\/www.adehon.org\/es\/wp-content\/uploads\/2022\/12\/Imagen1-1536x495.png 1536w, https:\/\/www.adehon.org\/es\/wp-content\/uploads\/2022\/12\/Imagen1.png 1705w\" sizes=\"auto, (max-width: 1024px) 100vw, 1024px\" \/><\/a><\/figure>\n\n\n\n<p class=\"has-text-align-left\"><strong>Fondo Europeo de Desarrollo Regional\u00a0\u00a0\u00a0\u00a0\u00a0\u00a0\u00a0\u00a0                                                   \u00a0\u00a0\u00a0\u00a0\u00a0\u00a0\u00a0\u00a0\u00a0\u00a0\u00a0\u00a0\u00a0\u00a0\u00a0\u00a0\u00a0\u00a0\u00a0\u00a0\u00a0\u00a0\u00a0\u00a0\u00a0\u00a0\u00a0\u00a0\u00a0\u00a0 \u00a0\u00a0            \u00a0\u00a0\u00a0\u00a0\u00a0Una manera de hacer Europa<\/strong><\/p>\n","protected":false},"excerpt":{"rendered":"<p>La ASOCIACI\u00d3N DE DESARROLLO ECON\u00d3MICO-SOCIAL L\u00b4HORTA NORD ADEHON MONCADA ha sido beneficiaria del Fondo Europeo de Desarrollo Regional cuyo objetivo es potenciar la investigaci\u00f3n, el desarrollo tecnol\u00f3gico y la innovaci\u00f3n, y gracias al que ha implantado un sistema de gesti\u00f3n de la sostenibilidad y la RSE basado en los Objetivos de Desarrollo Sostenible para impulsar la sostenibilidad, poniendo en valor sus repercusiones econ\u00f3micas, sociales y medioambientales. Esta acci\u00f3n ha tenido lugar durante el a\u00f1o 2022. Para ello ha contado con el apoyo del programa de Sostenibilidad de la C\u00e1mara de Comercio de Valencia. Fondo Europeo de Desarrollo Regional\u00a0\u00a0\u00a0\u00a0\u00a0\u00a0\u00a0\u00a0 \u00a0\u00a0\u00a0\u00a0\u00a0\u00a0\u00a0\u00a0\u00a0\u00a0\u00a0\u00a0\u00a0\u00a0\u00a0\u00a0\u00a0\u00a0\u00a0\u00a0\u00a0\u00a0\u00a0\u00a0\u00a0\u00a0\u00a0\u00a0\u00a0\u00a0 \u00a0\u00a0 \u00a0\u00a0\u00a0\u00a0\u00a0Una manera de hacer Europa<\/p>\n","protected":false},"author":1,"featured_media":0,"parent":0,"menu_order":0,"comment_status":"closed","ping_status":"closed","template":"page-fullwidth.php","meta":{"footnotes":""},"class_list":["post-4086","page","type-page","status-publish","hentry"],"_links":{"self":[{"href":"https:\/\/www.adehon.org\/es\/wp-json\/wp\/v2\/pages\/4086","targetHints":{"allow":["GET"]}}],"collection":[{"href":"https:\/\/www.adehon.org\/es\/wp-json\/wp\/v2\/pages"}],"about":[{"href":"https:\/\/www.adehon.org\/es\/wp-json\/wp\/v2\/types\/page"}],"author":[{"embeddable":true,"href":"https:\/\/www.adehon.org\/es\/wp-json\/wp\/v2\/users\/1"}],"replies":[{"embeddable":true,"href":"https:\/\/www.adehon.org\/es\/wp-json\/wp\/v2\/comments?post=4086"}],"version-history":[{"count":6,"href":"https:\/\/www.adehon.org\/es\/wp-json\/wp\/v2\/pages\/4086\/revisions"}],"predecessor-version":[{"id":4101,"href":"https:\/\/www.adehon.org\/es\/wp-json\/wp\/v2\/pages\/4086\/revisions\/4101"}],"wp:attachment":[{"href":"https:\/\/www.adehon.org\/es\/wp-json\/wp\/v2\/media?parent=4086"}],"curies":[{"name":"wp","href":"https:\/\/api.w.org\/{rel}","templated":true}]}}

<p><strong>La ASOCIACIÓN DE DESARROLLO ECONÓMICO-SOCIAL L´HORTA NORD ADEHON MONCADA </strong>ha sido beneficiaria del <strong>Fondo Europeo de Desarrollo Regional</strong> cuyo objetivo es potenciar la investigación, el desarrollo tecnológico y la innovación, y gracias al que ha <strong>implantado un sistema de gestión de la sostenibilidad y la RSE basado en los Objetivos de Desarrollo Sostenible </strong>para impulsar la sostenibilidad, poniendo en valor sus repercusiones económicas, sociales y medioambientales. Esta acción ha tenido lugar durante el año 2022. Para ello ha contado con el apoyo del <strong>programa de Sostenibilidad</strong> de la Cámara de Comercio de Valencia.</p>



<figure class="wp-block-image size-large"><a href="https://www.adehon.org/es/wp-content/uploads/2022/12/Imagen1.png"><img loading="lazy" decoding="async" width="1024" height="330" src="https://www.adehon.org/es/wp-content/uploads/2022/12/Imagen1-1024x330.png" alt="" class="wp-image-4087" srcset="https://www.adehon.org/es/wp-content/uploads/2022/12/Imagen1-1024x330.png 1024w, https://www.adehon.org/es/wp-content/uploads/2022/12/Imagen1-300x97.png 300w, https://www.adehon.org/es/wp-content/uploads/2022/12/Imagen1-768x248.png 768w, https://www.adehon.org/es/wp-content/uploads/2022/12/Imagen1-1536x495.png 1536w, https://www.adehon.org/es/wp-content/uploads/2022/12/Imagen1.png 1705w" sizes="auto, (max-width: 1024px) 100vw, 1024px" /></a></figure>



<p class="has-text-align-left"><strong>Fondo Europeo de Desarrollo Regional                                                                                                             Una manera de hacer Europa</strong></p>

<p>La ASOCIACIÓN DE DESARROLLO ECONÓMICO-SOCIAL L´HORTA NORD ADEHON MONCADA ha sido beneficiaria del Fondo Europeo de Desarrollo Regional cuyo objetivo es potenciar la investigación, el desarrollo tecnológico y la innovación, y gracias al que ha implantado un sistema de gestión de la sostenibilidad y la RSE basado en los Objetivos de Desarrollo Sostenible para impulsar la sostenibilidad, poniendo en valor sus repercusiones económicas, sociales y medioambientales. Esta acción ha tenido lugar durante el año 2022. Para ello ha contado con el apoyo del programa de Sostenibilidad de la Cámara de Comercio de Valencia. Fondo Europeo de Desarrollo Regional                                                Una manera de hacer Europa</p>
